88 - 198 - p + 569 - 188. Let r be ((-12)/5)/((-15)/50). Calculate u(r).
11
Let b(j) = -j**2 - j + 2. Let a be b(-2). Suppose a = 4*u + 3*s + s - 8, 2*s + 11 = 3*u. Let h(k) = -1 + u*k + 0 - 4*k. What is h(-4)?
3
Suppose c - 6 = -c - 5*x, x - 3 = -c. Let q(b) = 1 - b + 3*b + 3*b - 3*b. Calculate q(c).
7
Let d(u) be the third derivative of 2*u**2 - 11/6*u**3 + 5/12*u**4 - 1/60*u**5 + 0*u + 0. Let j be d(8). Let g(s) = s**2 - 2*s - 3. Give g(j).
12
Let p = 6 - 3. Let w(i) = 3 - i + p + 2*i - 3. Suppose 3*o = 2*o - 0*o. What is w(o)?
3
Let m(n) be the second derivative of -n**4/4 - n**3/6 - 2*n. Let x be -5 + ((-3)/(-6))/(6/36). Calculate m(x).
-10
Let n(f) be the second derivative of f**7/2520 + f**6/720 - f**5/30 + 11*f**4/12 + 13*f. Let m(g) be the third derivative of n(g). Determine m(-4).
8
Let x(a) = a**2 + 3*a - 2. Let z be x(-4). Let i(b) = b**2 - 3*b + 3. Give i(z).
1
Let x(i) = 3*i**2 + 10*i - 3. Let g(y) = 2 + 7*y + 2*y**2 - 4 + 0 + 0. Let k(z) = 7*g(z) - 5*x(z). Suppose 0 = 2*q - m - 2, 2*m + 0 + 4 = q. What is k(q)?
1
Let g be 2/(-4) + (-2)/(-4). Let u(k) = 42*k**2 - 42*k - 63. Let p(j) = 11*j**2 - 11*j - 17. Let y(x) = -23*p(x) + 6*u(x). Determine y(g).
13
Let m(v) = 5*v + 5. Let o = -1018 - -1013. Give m(o).
-20
Let l(f) = 2*f**2 - f + 1. Let o(b) = -19*b - 155. Let w be o(-8). Calculate l(w).
22
Let c(w) = 4*w - 6. Let n(b) = -79*b - 470. Let l be n(-6). What is c(l)?
10
Let f(c) = 8*c + 3. Suppose -360*b = -359*b + 6. What is f(b)?
-45
Let d(t) be the second derivative of t**4/6 + 14*t**3/3 - 29*t**2/2 + 4*t - 12. Give d(-15).
1
Let l(o) be the second derivative of o**4/6 - 7*o**3/6 + 3*o**2 + 24*o. Calculate l(4).
10
Let x(a) = 25 - 34 + 11 + 4*a + 12. Determine x(-8).
-18
Let q(z) = -z**2 - 2*z + 2. Let w = 56 - 16. Let v be 8/5 + 8/20. Suppose 0 = -v*b + 7 + 3, 5*a + w = 3*b. Determine q(a).
-13
Suppose 3*i = 3*l + l - 5, -l + 11 = -4*i. Let b be (4 + l)/(-3) - -8. Suppose -b = 4*o + 9. Let n(t) = -2*t - 2. Calculate n(o).
6
Let m(y) = -8*y**3 + 15*y**2 - 22*y - 32. Let t(b) = -11*b**3 + 23*b**2 - 33*b - 48. Let s(p) = 7*m(p) - 5*t(p). Determine s(-11).
16
Let o(k) be the second derivative of 2*k**3/3 + 8*k**2 - 5*k - 9. Give o(-6).
-8
Suppose 2*j = -21 - 9. Let a be j/(-6)*4/2. Suppose 4*t - a*t = 2. Let p(u) = -u + 1. What is p(t)?
3
Let h be 260/(-156) + 2/3. Let p(z) = -11*z**2 - 2*z - 1. Determine p(h).
-10
Let t(m) be the second derivative of -m**5/20 + m**4/6 + 2*m**3/3 + 607*m. Let a(b) = b**3 - b**2 - b + 1. Let h be a(2). Calculate t(h).
3
Let b(n) = -5*n**2 - 2*n**2 - 409 + 2*n + 205 + 197 + n**3. What is b(7)?
7
Let q(f) = -40*f + 91*f + 4*f**2 - 52*f - 3. What is q(2)?
11
Let t(v) = -17*v - 51*v**2 - 45*v**2 - 10 + 97*v**2. Calculate t(17).
-10
Let c(m) = -m**3 + m**2 + 7. Suppose 26*o = 23*o. Suppose -2*g + 0*g - g = o. Give c(g).
7
Let s = 347 + -345. Let p(v) = -v**3 + v**2 - v + 4. Calculate p(s).
-2
Let x(m) = -m - 9. Let p(r) = -2*r - 21. Let h(g) = 1. Let w(o) = 4*h(o) + p(o). Let t(j) = -3*w(j) + 5*x(j). Calculate t(-4).
2
Let d(a) be the second derivative of a**4/12 - 5*a**3/3 + 11*a**2/2 + 75*a. What is d(9)?
2
Let f(x) = 16*x**2 - 4*x + 4. Let a be f(5). Let u(q) = 383 - 771 + q + a. Give u(6).
2
Let k(m) = m**2 - 3*m - 8. Suppose 4*r + f - 4*f + 31 = 0, 5*r - f + 25 = 0. Calculate k(r).
20
Suppose 2*i = -2*i - a - 20, -5*i + 3*a - 42 = 0. Let j be (2 - (-28)/(-12))*i. Let v(c) = -9 - 3*c**3 + 5 + j*c + 3 + 5*c**2 + 4*c**3. Calculate v(-2).
7
Suppose 0 = 2*w - 41 + 31. Let i(p) be the third derivative of -p**2 - 1/60*p**w + 0 + 5/24*p**4 - 1/3*p**3 + 0*p. Calculate i(4).
2
Let u be ((-3)/(-7))/(14 + (-97)/7). Let g(b) = 8*b. Give g(u).
24
Let b = 484 - 488. Let d(p) = p**3 + 3*p**2 - 7*p - 6. Calculate d(b).
6
Let o(l) = l**3 + 11*l**2 + 18*l - 1. Suppose 21*v = -207 + 18. Calculate o(v).
-1
Let m be (6/24)/((-2)/(-10))*-4. Let v(b) = -b**2 - 5*b + 6. What is v(m)?
6
Let u(q) = -6*q - 16. Let k(r) = -r - 3. Let f(s) = -16*k(s) + 3*u(s). What is f(-4)?
8
Let d(n) = n**2 - 6*n + 6. Suppose 2*z = -2*z - 8. Let s be z*24/4*-1. Let j be (30/(-9))/((-8)/s). Give d(j).
1
Let g(z) = -3*z + 4. Suppose 10*u - 14 = 6. What is g(u)?
-2
Suppose h + 13 = -0*h - 5*i, -3*h + 2*i - 5 = 0. Let l(c) be the first derivative of c**4/4 + 4*c**3/3 + 2*c**2 + 4*c - 2000. Give l(h).
1
Let a(s) = s - 17. Suppose -u + 2*w - 12 = 0, -13*u + 14*u + 2 = -3*w. Calculate a(u).
-25
Suppose 0 = 56*z - 219 - 5. Let m(n) = 5*n**2 - 7*n + 2. Let t(g) = 14*g**2 - 21*g + 7. Let i(v) = -8*m(v) + 3*t(v). Determine i(z).
9
Let y(n) = -7*n - 134. Let b be y(-18). Let c(g) = -g**2 - 8*g + 4. Calculate c(b).
4
Let q(j) = -6*j + 3. Let x = 1549 - 1544. Determine q(x).
-27
Suppose 106 - 6 = -20*l. Let y(m) = 9*m + 9. Calculate y(l).
-36
Let b(u) = -u**3 - 8*u**2 - 2*u - 10. Let f be (70/(-4) + 1 + -3)*-2. Let x be f/(-5) + (-15)/75. Calculate b(x).
6
Let m(t) = 1640*t - 545*t - 544*t - 552*t - 23. Determine m(-8).
-15
Let g be -5 + -1 + (-30)/(-5). Suppose g = -7*y + y - 36. Let s(h) = h**3 + 6*h**2 - h + 6. What is s(y)?
12
Let n be (-1)/4*46*-4. Let o = -53 + n. Let y(x) = -x**2 - 8*x - 10. Give y(o).
-3
Let q be 4 + -4 + -4 + -9. Let l = -11 - q. Let r(x) = -305 - x**l + 305. What is r(-1)?
-1
Let d(b) be the third derivative of 7*b**2 + 1/24*b**4 - 3/2*b**3 + 0*b + 0. Calculate d(11).
2
Suppose 14*m - 58 - 12 = 0. Let w(o) = -o + 2. Calculate w(m).
-3
Let v be ((-16)/12)/(7/(-21)). Let i(g) be the first derivative of -2*g + 7 - g**2 + 1/4*g**v + 1/3*g**3. What is i(-2)?
-2
Let w be (-2)/21*-3*7. Suppose -w*u = -18 + 20. Let t(z) = 7*z**2 - z. Determine t(u).
8
Let i(k) = -k**2 + 5*k - 5. Let r be i(4). Let p be 140/(2 - 0) + -3. Let n(u) = -65*u + 1 - p*u + 132*u + 5*u**2. Calculate n(r).
6
Let l(t) = -9*t**2 - 3*t - 4. Let f be l(0). Suppose 0*q = 2*q - 8. Let m(a) = 3 + 3 - 2*a - q - 6. What is m(f)?
4
Let c(j) = -j + 10. Let w = -97 + 140. Suppose 4*l = 5*n - w, 4*n - 25 = -4*l - 5. Give c(n).
3
Let m(b) = -10*b**2 - 4 - b**3 - 159*b + 81*b + 1 + 77*b. Give m(-10).
7
Let d(f) = f. Let y = 40 - 38. Suppose -2*i + 10 = -2*w, -y*i - 3*i = -4*w - 19. Calculate d(w).
-6
Let f(g) = g + 20. Let c(o) = -3*o**2 + 30*o - 27. Let i be c(9). Give f(i).
20
Let s(w) = -3*w + 13. Let t(k) = 14*k - 57. Let a(v) = -9*s(v) - 2*t(v). Let p(m) = m + 6. Let u be p(-3). Calculate a(u).
-6
Let c(j) = -4*j + 1. Let l(w) = 9*w - 1. Let h(g) = 7*c(g) + 3*l(g). Suppose 2*n + 2 + 0 = -4*v, 0 = -3*v + n - 9. Let a be 64/12 - v/(-6). What is h(a)?
-1
Let u(s) = 4*s**2 + 8*s - 20. Let i(r) = 5*r**2 + 14*r - 22. Let t(p) = 3*i(p) - 4*u(p). What is t(11)?
3
Suppose 242*t + 82 = 1534. Let k(g) = 4 - 4*g + 0 + 7*g. Give k(t).
22
Let v(o) be the second derivative of o**5/30 + o**4/24 - o**3/6 + 11*o**2/2 + 8*o. Let j(z) be the first derivative of v(z). Give j(-2).
5
Let j(k) be the first derivative of -1/4*k**4 + 4*k**2 - k - 2*k**3 + 16. Determine j(-7).
-8
Let g(j) = -j**3 + 6*j**2 + 3 + 28*j - 31*j - 2 - 2 + 3. Let r = 4 - -1. Calculate g(r).
12
Suppose -o - 9 = -0*o - 2*m, -o = 2*m - 3. Let a be (-1 + -3)/(2/o). Let l(f) be the first derivative of -f**4/4 + 2*f**3 - f**2/2 - 7*f - 11. What is l(a)?
-13
Suppose -25 = -l - 2*l - 4*s, -3*l - 3*s + 21 = 0. Let g(i) = 9*i**2 - 2*i - 10*i**2 + 12 + l*i - 2*i. Determine g(0).
12
Suppose 2*t + t - q - 2 = 0, -t = q + 6. Let j(r) = -35*r**2 + r. Give j(t).
-36
Let x = 63 - 60. Let t(o) = -o**2 + 5*o + 1. Let w be t(x). Let p(z) = -2*z + 6. What is p(w)?
-8
Let o = -133 - -146. Let p(z) = o*z**2 - 1 - 29*z**2 + 6*z + 17*z**2. Give p(-7).
6
Let j(d) be the third derivative of d**5/60 - 11*d**4/24 + 4*d**3/3 - 18*d**2. Give j(10).
-2
Suppose 0*z - z = 0. Let p(i) = -9*i**3 - 3*i**2 + i - 14. Let g(h) = -2*h**3 - h**2 - 3. Let m(w) = -4*g(w) + p(w). What is m(z)?
-2
Let k(q) be the third derivative of -11*q**4/24 + q**3/6 - 5*q**2. Let b be 2/18 + (-4 - (-396)/81). Determine k(b).
-10
Let k(i) = -i**3 - i**2 + i + 9. Let h = 1382 + -1382. What is k(h)?
9
Suppose -79*o + 4*v = -81*o + 34, -4*o + 4*v = -32. Let b(d) = 2*d**2 - 20*d - 11. Give b(o).
11
Let j(k) = -38*k + 5 - 42*k + 84*k. Let g(i) = -5*i - 5. Let u(h) = 2*g(h) + 3*j(h). Calculate u(-4).
-3
Let y(q) = -32*q - 1. Let r be 48/(-6) - 81/(-9). Calculate y(r).
-33
Suppose 0*